ative of b**5/20 - b**4/6 - 22*b. Suppose -2*q - 1 + 3 = 0. Give h(q).
-1
Suppose 0 = -3*x + 5*a, -3*x = -0*x + 3*a. Let w(o) = o**2 + 8*o + 4. Let g be w(-8). Suppose g = 4*s - x. Let q(y) = -5*y**2 - y + 1. Calculate q(s).
-5
Let u(m) = m**3 - 3*m**2 - 5*m + 4. Suppose 9*y = 4*y - 2*v + 55, -3*v + 6 = -y. Let k = 7 - 2. Suppose -k = -r - x, r - y = -r - x. Determine u(r).
0
Let n(k) = 2*k**2 - 2. Let m(x) = -x + 1. Let p(y) = -4*m(y) - n(y). Suppose -l = -u - 0*u, 4*u + 5*l - 18 = 0. What is p(u)?
-2
Let w(b) be the first derivative of 2*b**2 + 4*b - 27. Give w(-5).
-16
Let g(h) be the second derivative of -h**3/3 + 5*h**2/2 + 2*h. Let w(y) = y**3 - 9*y**2 - 52*y + 4. Let p be w(13). What is g(p)?
-3
Let r = 2 + 0. Let d(z) = -4*z**2 + 8 + 7*z**2 - 5*z - 4*z**r. What is d(-6)?
2
Suppose -8*z - 6 = -11*z. Suppose -o = -6*o, -g + 2 = z*o. Let w(f) = 5*f - 2. Determine w(g).
8
Let h(m) = 13*m - 4. Let o(l) = -2*l - l - 3*l + 2. Let u(k) = 2*h(k) + 5*o(k). Give u(2).
-6
Let f(y) = -y**3 + 6*y**2 + 6*y + 12. Let c be f(7). Let t(p) be the first derivative of -3 - 3/2*p**2 + c*p. What is t(4)?
-7
Let b(i) be the third derivative of 0 + 0*i**4 + 1/6*i**3 - 3*i**2 + 0*i - 1/60*i**5. What is b(3)?
-8
Let k be -3 + 6 + 1 + -2. Let p(u) be the first derivative of -10*u + 2 + 1/2*u**k. Give p(0).
-10
Suppose -v - 5*h + 15 = 0, -h + 4 + 10 = -2*v. Let j = v - -3. Let t(w) = -w**3 - 2*w**2 - w - 2. Give t(j).
0
Suppose i + 3*o = -2 - 0, -2*o = -i + 3. Let f be 4/8 + (-5)/(-2). Let l(w) = 4 - 4 + f*w. Give l(i).
3
Suppose o - 2*o = 1. Let b(d) = 10*d**3 - d**2 - d. Determine b(o).
-10
Suppose -14 - 7 = 2*n - 5*k, 4*k = -4*n + 28. Let a(c) = c**n - 17 + 3*c + 9 + 9. Suppose -5*r - 3*l = -2*l + 20, 0 = -5*r - 4*l - 20. What is a(r)?
5
Suppose -5*l = 5, l + 3*l = 2*v. Let p(x) = 4*x**3 - 3*x - 4. Let o(b) = 5*b**3 - b**2 - 4*b - 5. Let g(m) = 3*o(m) - 4*p(m). Determine g(v).
-3
Let v(m) = 9*m - 2. Suppose 5*r - s + 2 = 15, 5*r + 2 = -4*s. What is v(r)?
16
Let l(o) = -3*o**2 - 7*o - 1. Let a(j) = -2*j**2 - 3*j - 1. Let r(v) = -5*a(v) + 3*l(v). Determine r(5).
-3
Suppose k - 2 + 6 = 0, 15 = 5*h - 5*k. Suppose -7*v + 2*v + 15 = 0. Let o(r) = 0 + 1 - v*r**2 - 2. Give o(h).
-4
Suppose 0 = 4*i - 4*w - 39 + 15, 16 = -4*w. Let q(u) = 0*u**3 + u**2 - 1 + 2 - 7*u**3 + 2*u**3 - i*u. Calculate q(1).
-5
Let h(o) = -o**3 - 7*o**2 - 10*o + 10. Let x be h(-4). Let g(l) = l**2 + 2*l - 4. Determine g(x).
4
Let j(i) = i - 1. Let c be j(-3). Let l(a) = 4. Let w(x) = x - 5. Let m(t) = 4*l(t) + 3*w(t). Give m(c).
-11
Let t(y) = -y**3 - 4*y**2 - 2*y. Let w = -4 + 6. Suppose -g = w + 1. What is t(g)?
-3
Let t(i) be the third derivative of i**4/24 - 7*i**3/6 + 23*i**2. What is t(0)?
-7
Let y = -58 - -63. Let r(b) = b - 4. Give r(y).
1
Let j(r) be the second derivative of -3*r**5/20 + r**4/12 - r**2/2 - 12*r. Suppose 0 = 5*q + 4 + 1. Give j(q).
3
Let p(a) = -9*a**2 - 3*a - 4. Let l(i) be the first derivative of 5*i**3/3 + i**2/2 + 2*i + 4. Let r(x) = -7*l(x) - 4*p(x). Determine r(-4).
-2
Let w = -1 - -1. Suppose w = -3*z + 3*m, -2*z - 2*m + 24 = 2*z. Let j(s) = -5 + 0*s - 4*s - z*s**2 - s**3 + 8*s. What is j(-5)?
0
Suppose 4*j + 3*j = 42. Let a(w) = -w**3 + 7*w**2 - 4*w - 2. Calculate a(j).
10
Let t(r) = -8*r - 30. Let b be 2 + 4 - 2 - 0. Let c(k) = 3*k + 10. Let u(p) = b*t(p) + 11*c(p). Calculate u(6).
-4
Let t(w) = -w**3 - w**2 - w - 2. Suppose -12 = -2*a - 42. Let m be 10/4*12/a. Calculate t(m).
4
Let l(f) = f**3 - f + 2. Let o(h) = h**3 - 2*h**2 - 2*h - 1. Suppose 5*v - 2*v = d + 10, d = -v + 2. Let q be o(v). Determine l(q).
8
Let h(l) = -2*l - 2. Let y = -1 + 4. Give h(y).
-8
Let k(m) = 2*m - 3. Let y(f) = -2*f + 2. Suppose 0 = 2*j + 4 + 6. Let u(g) = j*k(g) - 6*y(g). Calculate u(-4).
-5
Let n(y) = -y**2 - y. Let j(c) = c**3 + 5*c**2 - 5*c + 4. Let g be j(-6). Let q be n(g). Let v(m) = -m**2 + m + 1. Calculate v(q).
-5
Let l(f) = -2*f + 2. Let i(g) = g**2 + 11*g - 10. Let h be i(-12). Give l(h).
-2
Let f(u) = 5*u**2 - u - 4. Let w(c) = -21*c**2 + 4*c + 17. Let b(j) = -9*f(j) - 2*w(j). Calculate b(-2).
-12
Let d(b) = b**3 - 7*b**2 + 4. Let s be d(7). Let m = -2 + 7. Suppose j = -s*j + m. Let a(k) = -4*k**2. Determine a(j).
-4
Let g(f) = -f**2 - 4 + 4 + 1. Suppose -p - 3*p + 8 = 0. Let m be (1 + -2)/(-1) - p. Determine g(m).
0
Let q(c) = 2*c**2 - 20 - c + 17 + c**3 - 3*c. Give q(-3).
0
Let y be ((-24)/36)/((-2)/6). Let v(z) = -z**2 + z - 2. Give v(y).
-4
Let z(h) = -h**2 + 7*h + 3. Suppose -d - d - v + 11 = 0, -2*v = 10. Calculate z(d).
-5
Let p(h) be the second derivative of -h**5/20 - h**4/3 + 5*h**3/6 + 7*h**2/2 - 20*h. Give p(-5).
7
Let q(s) be the second derivative of 2*s**3/3 + s**2/2 - 8*s. Let n(m) = m**3 - 6*m**2 + 4*m + 3. Let t be n(5). Calculate q(t).
-7
Suppose d - 3 + 1 = 0. Let t(z) be the second derivative of -z**5/20 + z**4/2 - z**3/3 - z**2 - 7*z. Give t(d).
10
Let n(c) = -c**3 - c**2 - 1. Let l(q) = -5*q**3 - q**2 - 8. Let j(s) = -l(s) + 6*n(s). What is j(-2)?
-10
Suppose -n - 2 = 3. Let b(y) = -7*y**2 - 13*y - 7. Let a(l) = 4*l**2 + 7*l + 4. Let s(w) = 5*a(w) + 3*b(w). Give s(n).
-6
Let s(b) = 0*b**2 + 2 - b**2 - 13*b + 5*b + 1. Let m be s(-8). Let o(f) = f**2 - 3*f - 4. Calculate o(m).
-4
Let x(y) = 7*y - 1. Let r be (-11)/(-2) - 5/(-10). Let b(g) = g + 1. Let m(w) = 5*w - 2. Let o(f) = b(f) + m(f). Let c(h) = r*o(h) - 5*x(h). Determine c(-5).
-6
Let k(a) be the third derivative of a**6/120 - a**5/20 + a**3/2 + 5*a**2. Suppose -20 = -r - 4*r. Suppose -5*u + 27 = -4*m, 0 = r*u - 2*u + 2*m. What is k(u)?
3
Let v(a) = -26*a + 10. Let f(h) = -5*h + 1 + 0 + 3 - 2. Let y(c) = 11*f(c) - 2*v(c). Give y(2).
-4
Let x(s) be the second derivative of -s**5/20 + s**4/2 + s**3 + 5*s**2 + s. Let z be x(7). Let y(w) = 0 + 4*w - 3 - z*w - 3. What is y(6)?
0
Let p(d) = -8*d. Let h be p(1). Let q = -6 - h. Let m(g) = -g**3 + 4*g**2 - 4*g + 2. What is m(q)?
2
Suppose -12 = -4*q + q. Let b(a) = -a**3 + 5*a**2 - 4*a + 5. Give b(q).
5
Let i(w) be the third derivative of -w**4/24 + w**3/6 - 54*w**2. Give i(6).
-5
Suppose 14*d - 6*d + 48 = 0. Let r(t) = -t**2 - 8*t - 9. Determine r(d).
3
Let d(s) = -s - 3*s + s**2 + s - 1. Let b be d(3). Let o(a) = -5*a. Let v be o(b). Let z(j) = j - 4. What is z(v)?
1
Let k(o) = o**3 + 3*o**2 - 2. Suppose 4*p - 1 = 7*p - 4*i, p = -i + 2. Let h be (p - 0)/((-2)/6). What is k(h)?
-2
Let b(r) = r**2 - r + 1. Suppose 16 = -4*q, -30 = -0*m - m + 4*q. Let c = m + -12. Calculate b(c).
3
Suppose 30*b = 31*b + 6. Let m(k) = -k**3 - 6*k**2 + k + 7. Determine m(b).
1
Let f(c) = -4*c. Let d(i) = -3*i - 3. Let p be d(-2). Calculate f(p).
-12
Let i = 1 + -3. Let z = -2 + 1. Let v(q) = -q**3 - 5*q + 6. Let t(d) = d - 1. Let k(l) = z*v(l) - 5*t(l). What is k(i)?
-9
Suppose -4*d - k = 21 - 5, 32 = -4*d + 3*k. Let i(n) = -n**3 - 4*n**2 + 6*n + 6. Calculate i(d).
1
Let c = 4 + -3. Let x be 12/9 - c/3. Let a(s) = 11*s**2 + s. Calculate a(x).
12
Let s = 48 - 47. Let n(q) = 9*q**3 - q**2 + q - 1. Calculate n(s).
8
Let h(w) = -w**2 + 5*w - 2. Suppose j = 1 + 4. Let o = j + -26. Let g be (o/(-6) - 1)*2. What is h(g)?
-2
Suppose -5*b + 36 = -3*b. Let n = -13 + b. Let s(u) = -u**2 + 3*u - 1. Calculate s(n).
-11
Let q(h) = -1325*h - 3 - 2*h**2 + 1321*h + 1. Suppose 0*p - 8 = 4*p. Give q(p).
-2
Let k(s) = -s**2 - 7*s - 7. Let y = 15 + -21. Give k(y).
-1
Let c be (-6)/21 - (-258)/21. Let n = 13 - c. Let d(l) = -4*l**3 + l. Determine d(n).
-3
Let b(d) be the first derivative of 3*d**2/2 - 3*d - 4. What is b(2)?
3
Let f(q) = 15*q. Let o be -4 + (20/30)/(4/18). Give f(o).
-15
Let z(b) be the third derivative of b**4/12 - 8*b**3/3 + 8*b**2. What is z(11)?
6
Let l be 39/(-12) - (-6)/(-8). Let i = 4 + l. Let f(z) = -2 + z + 3 + z**2 + 0. What is f(i)?
1
Suppose 2*o - 7*o = 20. Let r = o - -6. Let v = -1 + r. Let x(j) = 6*j**3 - 2*j**2 + 2*j - 1. Determine x(v).
5
Let w be 14/10 + (-3)/(-5). Suppose 7 = 4*z - 1. Let i(x) = 2*x**w - x**3 + 3*x - 5*x**z - x. Calculate i(-3).
-6
Let h(d) = -1 + 21*d - 8*d - 11*d. Let s(q) = q**2 - 3*q + 3. Let o be s(3). What is h(o)?
5
Let w(h) = 1 - 3*h**2 + h**3 + h**3 - 3*h**3 - 3*h + h. Suppose 0 = 5*l + 5*b + 24 + 11, -2*b - 11 = l. Give w(l).
7
Let f(g) = g**2. Suppose 13*r = 14*r. Calculate f(r).
0
Let x be ((-7)/(-14))/((-2)/120). Let l be (x